{"id":113,"date":"2025-01-08T19:03:52","date_gmt":"2025-01-08T18:03:52","guid":{"rendered":"https:\/\/kreatywny.teczowyogrod.eu\/?page_id=113"},"modified":"2026-02-20T23:18:40","modified_gmt":"2026-02-20T22:18:40","slug":"adaptacja","status":"publish","type":"page","link":"https:\/\/kreatywny.teczowyogrod.eu\/","title":{"rendered":"adaptacja"},"content":{"rendered":"\r\n<p><strong>Wyj\u0105tkowy\u00a0<\/strong><strong>i \u0142agodny program adaptacyjny dla dzieci\u00a0<\/strong><\/p>\r\n<p><img decoding=\"async\" class=\"alignnone size-medium wp-image-476\" src=\"https:\/\/kreatywny.teczowyogrod.eu\/wp-content\/uploads\/2026\/02\/Zrzut-ekranu-2026-02-20-231514-300x54.png\" alt=\"\" width=\"300\" height=\"54\" srcset=\"https:\/\/kreatywny.teczowyogrod.eu\/wp-content\/uploads\/2026\/02\/Zrzut-ekranu-2026-02-20-231514-300x54.png 300w, https:\/\/kreatywny.teczowyogrod.eu\/wp-content\/uploads\/2026\/02\/Zrzut-ekranu-2026-02-20-231514.png 601w\" sizes=\"(max-width: 300px) 100vw, 300px\" \/><\/p>\r\n\r\n\r\n\r\n<p>&#8211; zadzwo\u0144 i um\u00f3w dziecko i dyrektorem na zwiedzanie przedszkola (zwykle ko\u0142o 16.00)- b\u0119dziecie mogli pozwiedza\u0107, testuj\u0105c zabawki oraz zobaczy\u0107 na czym polega r\u00f3\u017cnica na w\u0142asne oczy.\u00a0<\/p>\r\n\r\n\r\n\r\n<p>&#8211; ok. stycznia- marca podpisujemy umowy na dany rok szkolny\u00a0<\/p>\r\n\r\n\r\n\r\n<p>&#8211; w czerwcu dyrektor zaprasza na kaw\u0119 i obowi\u0105zkowe spotkanie z psychologiem &#8211; Jak pom\u00f3c dziecku w adaptacji 11 maj, g 15.45-17.00- w lipcu i sierpniu\u00a0 otwieramy przedszkole i ogr\u00f3d\u00a0 na popo\u0142udniowe zaj\u0119cia, gdzie mo\u017cna pobawi\u0107 si\u0119, poznaj\u0105c sale, koleg\u00f3w i kole\u017canki,\u00a0 kadr\u0119, zje\u015b\u0107 obiadek\u00a0<\/p>\r\n\r\n\r\n\r\n<p>&#8211; od 1 lipca rozpoczynamy co 2 dni przyjmowanie kolejnego dziecka. Dzi\u0119ki temu dla ka\u017cdego mamy czas. Unikamy \u015bciany p\u0142aczu gdy wszystkie dzieci przychodz\u0105 1 wrze\u015bnia.<\/p>\r\n<p><img decoding=\"async\" class=\"alignnone size-full wp-image-302\" src=\"https:\/\/kreatywny.teczowyogrod.eu\/wp-content\/uploads\/2025\/01\/Language-and-Literacy.png\" alt=\"\" width=\"150\" height=\"150\" srcset=\"https:\/\/kreatywny.teczowyogrod.eu\/wp-content\/uploads\/2025\/01\/Language-and-Literacy.png 150w, https:\/\/kreatywny.teczowyogrod.eu\/wp-content\/uploads\/2025\/01\/Language-and-Literacy-100x100.png 100w\" sizes=\"(max-width: 150px) 100vw, 150px\" \/><\/p>\r\n","protected":false},"excerpt":{"rendered":"<p>Wyj\u0105tkowy\u00a0i \u0142agodny program adaptacyjny dla dzieci\u00a0 &#8211; zadzwo\u0144 i um\u00f3w dziecko i dyrektorem na zwiedzanie przedszkola (zwykle ko\u0142o 16.00)- b\u0119dziecie mogli pozwiedza\u0107, testuj\u0105c zabawki oraz zobaczy\u0107 na czym polega r\u00f3\u017cnica na w\u0142asne oczy.\u00a0 &#8211; ok. stycznia- marca podpisujemy umowy na dany rok szkolny\u00a0 &#8211; w czerwcu dyrektor zaprasza na kaw\u0119 i obowi\u0105zkowe spotkanie z psychologiem [&hellip;]<\/p>\n","protected":false},"author":1,"featured_media":0,"parent":0,"menu_order":0,"comment_status":"closed","ping_status":"closed","template":"blog-page-no-sidebar","meta":{"om_disable_all_campaigns":false,"_monsterinsights_skip_tracking":false,"_monsterinsights_sitenote_active":false,"_monsterinsights_sitenote_note":"","_monsterinsights_sitenote_category":0,"footnotes":""},"class_list":["post-113","page","type-page","status-publish","hentry"],"aioseo_notices":[],"featured_image_src":null,"featured_image_src_square":null,"_links":{"self":[{"href":"https:\/\/kreatywny.teczowyogrod.eu\/index.php?rest_route=\/wp\/v2\/pages\/113","targetHints":{"allow":["GET"]}}],"collection":[{"href":"https:\/\/kreatywny.teczowyogrod.eu\/index.php?rest_route=\/wp\/v2\/pages"}],"about":[{"href":"https:\/\/kreatywny.teczowyogrod.eu\/index.php?rest_route=\/wp\/v2\/types\/page"}],"author":[{"embeddable":true,"href":"https:\/\/kreatywny.teczowyogrod.eu\/index.php?rest_route=\/wp\/v2\/users\/1"}],"replies":[{"embeddable":true,"href":"https:\/\/kreatywny.teczowyogrod.eu\/index.php?rest_route=%2Fwp%2Fv2%2Fcomments&post=113"}],"version-history":[{"count":4,"href":"https:\/\/kreatywny.teczowyogrod.eu\/index.php?rest_route=\/wp\/v2\/pages\/113\/revisions"}],"predecessor-version":[{"id":475,"href":"https:\/\/kreatywny.teczowyogrod.eu\/index.php?rest_route=\/wp\/v2\/pages\/113\/revisions\/475"}],"wp:attachment":[{"href":"https:\/\/kreatywny.teczowyogrod.eu\/index.php?rest_route=%2Fwp%2Fv2%2Fmedia&parent=113"}],"curies":[{"name":"wp","href":"https:\/\/api.w.org\/{rel}","templated":true}]}}

<p><strong>Wyjątkowy </strong><strong>i łagodny program adaptacyjny dla dzieci </strong></p>
<p><img decoding="async" class="alignnone size-medium wp-image-476" src="https://kreatywny.teczowyogrod.eu/wp-content/uploads/2026/02/Zrzut-ekranu-2026-02-20-231514-300x54.png" alt="" width="300" height="54" srcset="https://kreatywny.teczowyogrod.eu/wp-content/uploads/2026/02/Zrzut-ekranu-2026-02-20-231514-300x54.png 300w, https://kreatywny.teczowyogrod.eu/wp-content/uploads/2026/02/Zrzut-ekranu-2026-02-20-231514.png 601w" sizes="(max-width: 300px) 100vw, 300px" /></p>



<p>&#8211; zadzwoń i umów dziecko i dyrektorem na zwiedzanie przedszkola (zwykle koło 16.00)- będziecie mogli pozwiedzać, testując zabawki oraz zobaczyć na czym polega różnica na własne oczy. </p>



<p>&#8211; ok. stycznia- marca podpisujemy umowy na dany rok szkolny </p>



<p>&#8211; w czerwcu dyrektor zaprasza na kawę i obowiązkowe spotkanie z psychologiem &#8211; Jak pomóc dziecku w adaptacji 11 maj, g 15.45-17.00- w lipcu i sierpniu  otwieramy przedszkole i ogród  na popołudniowe zajęcia, gdzie można pobawić się, poznając sale, kolegów i koleżanki,  kadrę, zjeść obiadek </p>



<p>&#8211; od 1 lipca rozpoczynamy co 2 dni przyjmowanie kolejnego dziecka. Dzięki temu dla każdego mamy czas. Unikamy ściany płaczu gdy wszystkie dzieci przychodzą 1 września.</p>
<p><img decoding="async" class="alignnone size-full wp-image-302" src="https://kreatywny.teczowyogrod.eu/wp-content/uploads/2025/01/Language-and-Literacy.png" alt="" width="150" height="150" srcset="https://kreatywny.teczowyogrod.eu/wp-content/uploads/2025/01/Language-and-Literacy.png 150w, https://kreatywny.teczowyogrod.eu/wp-content/uploads/2025/01/Language-and-Literacy-100x100.png 100w" sizes="(max-width: 150px) 100vw, 150px" /></p>

<p>Wyjątkowy i łagodny program adaptacyjny dla dzieci  &#8211; zadzwoń i umów dziecko i dyrektorem na zwiedzanie przedszkola (zwykle koło 16.00)- będziecie mogli pozwiedzać, testując zabawki oraz zobaczyć na czym polega różnica na własne oczy.  &#8211; ok. stycznia- marca podpisujemy umowy na dany rok szkolny  &#8211; w czerwcu dyrektor zaprasza na kawę i obowiązkowe spotkanie z psychologiem [&hellip;]</p>
